{"id":386,"date":"2024-12-22T18:24:45","date_gmt":"2024-12-22T16:24:45","guid":{"rendered":"https:\/\/osnumisma.fi\/?page_id=386"},"modified":"2026-01-14T12:03:50","modified_gmt":"2026-01-14T10:03:50","slug":"yleista","status":"publish","type":"page","link":"https:\/\/osnumisma.fi\/?page_id=386&lang=fi","title":{"rendered":"Yleist\u00e4"},"content":{"rendered":"\t\t<div data-elementor-type=\"wp-page\" data-elementor-id=\"386\" class=\"elementor elementor-386\">\n\t\t\t\t\t\t<section class=\"elementor-section elementor-top-section elementor-element elementor-element-c9d677e elementor-section-boxed elementor-section-height-default elementor-section-height-default\" data-id=\"c9d677e\" data-element_type=\"section\" data-e-type=\"section\">\n\t\t\t\t\t\t<div class=\"elementor-container elementor-column-gap-default\">\n\t\t\t\t\t<div class=\"elementor-column elementor-col-100 elementor-top-column elementor-element elementor-element-4723b6a\" data-id=\"4723b6a\" data-element_type=\"column\" data-e-type=\"column\">\n\t\t\t<div class=\"elementor-widget-wrap elementor-element-populated\">\n\t\t\t\t\t\t<div class=\"elementor-element elementor-element-2a426a5 elementor-widget elementor-widget-text-editor\" data-id=\"2a426a5\" data-element_type=\"widget\" data-e-type=\"widget\" data-widget_type=\"text-editor.default\">\n\t\t\t\t<div class=\"elementor-widget-container\">\n\t\t\t\t\t\t\t\t\t<p>\u00a0 \u00a0 \u00a0<\/p>\t\t\t\t\t\t\t\t<\/div>\n\t\t\t\t<\/div>\n\t\t\t\t\t<\/div>\n\t\t<\/div>\n\t\t\t\t\t<\/div>\n\t\t<\/section>\n\t\t\t\t<section class=\"elementor-section elementor-top-section elementor-element elementor-element-117017a elementor-section-boxed elementor-section-height-default elementor-section-height-default\" data-id=\"117017a\" data-element_type=\"section\" data-e-type=\"section\">\n\t\t\t\t\t\t<div class=\"elementor-container elementor-column-gap-default\">\n\t\t\t\t\t<div class=\"elementor-column elementor-col-100 elementor-top-column elementor-element elementor-element-12809770\" data-id=\"12809770\" data-element_type=\"column\" data-e-type=\"column\">\n\t\t\t<div class=\"elementor-widget-wrap elementor-element-populated\">\n\t\t\t\t\t\t<div class=\"elementor-element elementor-element-757e2ae4 elementor-widget elementor-widget-text-editor\" data-id=\"757e2ae4\" data-element_type=\"widget\" data-e-type=\"widget\" data-widget_type=\"text-editor.default\">\n\t\t\t\t<div class=\"elementor-widget-container\">\n\t\t\t\t\t\t\t\t\t<p>T\u00e4m\u00e4 on kotisivuni. T\u00e4\u00e4lt\u00e4 l\u00f6yd\u00e4t tietoa ja kuvia kolikkokokoelmastani, erityisesti kokoelmani erityispiirteist\u00e4 ja harvinaisuuksista. Sivustolla olevat kuvat on kaikki itse ottamiani kuvia ja n\u00e4in ollen vain minulla on niiden julkaisuoikeus.<\/p>\t\t\t\t\t\t\t\t<\/div>\n\t\t\t\t<\/div>\n\t\t\t\t\t<\/div>\n\t\t<\/div>\n\t\t\t\t\t<\/div>\n\t\t<\/section>\n\t\t\t\t<section class=\"elementor-section elementor-top-section elementor-element elementor-element-5137f85 elementor-section-boxed elementor-section-height-default elementor-section-height-default\" data-id=\"5137f85\" data-element_type=\"section\" data-e-type=\"section\">\n\t\t\t\t\t\t<div class=\"elementor-container elementor-column-gap-default\">\n\t\t\t\t\t<div class=\"elementor-column elementor-col-100 elementor-top-column elementor-element elementor-element-368770c\" data-id=\"368770c\" data-element_type=\"column\" data-e-type=\"column\">\n\t\t\t<div class=\"elementor-widget-wrap elementor-element-populated\">\n\t\t\t\t\t\t<div class=\"elementor-element elementor-element-1c59a50 elementor-widget elementor-widget-text-editor\" data-id=\"1c59a50\" data-element_type=\"widget\" data-e-type=\"widget\" data-widget_type=\"text-editor.default\">\n\t\t\t\t<div class=\"elementor-widget-container\">\n\t\t\t\t\t\t\t\t\t<p>Olen +60-vuotias numismaatikko ja ker\u00e4ilij\u00e4 Suomesta. Ker\u00e4\u00e4n kolikoita kaikkialta maailmasta, mutta erityinen intohimoni ja tutkimusalueeni on Kiina, kolikoiden alkuajoista l\u00e4htien. Muita t\u00e4rkeit\u00e4 maita tai ker\u00e4ilyalueitani ovat Ottomaanit, Baltian maat, Puola, Ven\u00e4j\u00e4, Ruotsi ja Suomi.<\/p><p>Minulla on suurin osa Suomalaisista kolikoista my\u00f6s vaihtokolikkoina, eli voin myyd\u00e4 tai vaihtaa niit\u00e4 toisiin kolikoihin. Jos kaipaat joitakin Suomalaisia kolikoita, ota siis minuun yhteytt\u00e4 sivuston yhteydenottolomakkeella.<\/p>\t\t\t\t\t\t\t\t<\/div>\n\t\t\t\t<\/div>\n\t\t\t\t\t<\/div>\n\t\t<\/div>\n\t\t\t\t\t<\/div>\n\t\t<\/section>\n\t\t\t\t<\/div>\n\t\t","protected":false},"excerpt":{"rendered":"<p>\u00a0 \u00a0 \u00a0 T\u00e4m\u00e4 on kotisivuni. T\u00e4\u00e4lt\u00e4 l\u00f6yd\u00e4t tietoa ja kuvia kolikkokokoelmastani, erityisesti kokoelmani erityispiirteist\u00e4 ja harvinaisuuksista. Sivustolla olevat kuvat on kaikki itse ottamiani kuvia ja n\u00e4in ollen vain minulla on niiden julkaisuoikeus. Olen +60-vuotias numismaatikko ja ker\u00e4ilij\u00e4 Suomesta. Ker\u00e4\u00e4n kolikoita kaikkialta maailmasta, mutta erityinen intohimoni ja tutkimusalueeni on Kiina, kolikoiden alkuajoista l\u00e4htien. Muita t\u00e4rkeit\u00e4 [&hellip;]<\/p>\n","protected":false},"author":1,"featured_media":0,"parent":0,"menu_order":0,"comment_status":"closed","ping_status":"closed","template":"","meta":{"footnotes":""},"class_list":["post-386","page","type-page","status-publish","hentry"],"_links":{"self":[{"href":"https:\/\/osnumisma.fi\/index.php?rest_route=\/wp\/v2\/pages\/386","targetHints":{"allow":["GET"]}}],"collection":[{"href":"https:\/\/osnumisma.fi\/index.php?rest_route=\/wp\/v2\/pages"}],"about":[{"href":"https:\/\/osnumisma.fi\/index.php?rest_route=\/wp\/v2\/types\/page"}],"author":[{"embeddable":true,"href":"https:\/\/osnumisma.fi\/index.php?rest_route=\/wp\/v2\/users\/1"}],"replies":[{"embeddable":true,"href":"https:\/\/osnumisma.fi\/index.php?rest_route=%2Fwp%2Fv2%2Fcomments&post=386"}],"version-history":[{"count":22,"href":"https:\/\/osnumisma.fi\/index.php?rest_route=\/wp\/v2\/pages\/386\/revisions"}],"predecessor-version":[{"id":715,"href":"https:\/\/osnumisma.fi\/index.php?rest_route=\/wp\/v2\/pages\/386\/revisions\/715"}],"wp:attachment":[{"href":"https:\/\/osnumisma.fi\/index.php?rest_route=%2Fwp%2Fv2%2Fmedia&parent=386"}],"curies":[{"name":"wp","href":"https:\/\/api.w.org\/{rel}","templated":true}]}}