{"id":698,"date":"2026-01-14T10:24:38","date_gmt":"2026-01-14T08:24:38","guid":{"rendered":"https:\/\/osnumisma.fi\/?page_id=698"},"modified":"2026-02-23T20:11:43","modified_gmt":"2026-02-23T18:11:43","slug":"verotus","status":"publish","type":"page","link":"https:\/\/osnumisma.fi\/?page_id=698&lang=fi","title":{"rendered":"Verotus"},"content":{"rendered":"\t\t<div data-elementor-type=\"wp-page\" data-elementor-id=\"698\" class=\"elementor elementor-698\">\n\t\t\t\t\t\t<section class=\"elementor-section elementor-top-section elementor-element elementor-element-1f2f78c elementor-section-boxed elementor-section-height-default elementor-section-height-default\" data-id=\"1f2f78c\" data-element_type=\"section\" data-e-type=\"section\">\n\t\t\t\t\t\t<div class=\"elementor-container elementor-column-gap-default\">\n\t\t\t\t\t<div class=\"elementor-column elementor-col-100 elementor-top-column elementor-element elementor-element-499d47c\" data-id=\"499d47c\" data-element_type=\"column\" data-e-type=\"column\">\n\t\t\t<div class=\"elementor-widget-wrap elementor-element-populated\">\n\t\t\t\t\t\t<div class=\"elementor-element elementor-element-b049fa6 elementor-widget elementor-widget-heading\" data-id=\"b049fa6\" data-element_type=\"widget\" data-e-type=\"widget\" data-widget_type=\"heading.default\">\n\t\t\t\t<div class=\"elementor-widget-container\">\n\t\t\t\t\t<h2 class=\"elementor-heading-title elementor-size-default\">NUMISMATIIKKAHARRASTUKSEN VEROTUS<\/h2>\t\t\t\t<\/div>\n\t\t\t\t<\/div>\n\t\t\t\t\t<\/div>\n\t\t<\/div>\n\t\t\t\t\t<\/div>\n\t\t<\/section>\n\t\t\t\t<section class=\"elementor-section elementor-top-section elementor-element elementor-element-61f6b89 elementor-section-boxed elementor-section-height-default elementor-section-height-default\" data-id=\"61f6b89\" data-element_type=\"section\" data-e-type=\"section\">\n\t\t\t\t\t\t<div class=\"elementor-container elementor-column-gap-default\">\n\t\t\t\t\t<div class=\"elementor-column elementor-col-100 elementor-top-column elementor-element elementor-element-83b8951\" data-id=\"83b8951\" data-element_type=\"column\" data-e-type=\"column\">\n\t\t\t<div class=\"elementor-widget-wrap elementor-element-populated\">\n\t\t\t\t\t\t<div class=\"elementor-element elementor-element-84fd8f2 elementor-widget elementor-widget-text-editor\" data-id=\"84fd8f2\" data-element_type=\"widget\" data-e-type=\"widget\" data-widget_type=\"text-editor.default\">\n\t\t\t\t<div class=\"elementor-widget-container\">\n\t\t\t\t\t\t\t\t\t<p>Aluksi pit\u00e4\u00e4 selvitt\u00e4\u00e4, onko toiminta elinkeinotoimintaa, muuta tulonhankkimistoimintaa vai harrastustoimintaa. Elinkeinotoiminnalla on vakaa tulonhankkimistarkoitus, eli siit\u00e4 odotetaan realistisesti saatavan enemm\u00e4n tuloja kuin menoja, ainakin pitk\u00e4ll\u00e4 aikav\u00e4lill\u00e4. Ehdot, joiden perusteella asiaa tarkastellaan:<\/p><ul><li>ansiotarkoitus, voiton tavoittelu (pit\u00e4\u00e4 aina toteutua)<\/li><li>taloudellinen riski (pit\u00e4\u00e4 aina toteutua)<\/li><li>toiminnan itsen\u00e4isyys (pit\u00e4\u00e4 aina toteutua)<\/li><li>toiminnan laajuus (p\u00e4\u00e4asiallinen toimeentulon l\u00e4hde)<\/li><li>toiminnan suunnitelmallisuus (p\u00e4\u00e4s\u00e4\u00e4nt\u00f6isesti toteuduttava)<\/li><li>toiminnan jatkuvuus (p\u00e4\u00e4s\u00e4\u00e4nt\u00f6isesti toteuduttava)<\/li><\/ul><p>\u00a0<\/p><p><strong>Jos edell\u00e4 mainitut ehdot eiv\u00e4t toteudu, toiminta ei ole elinkeinotoimintaa eik\u00e4 myyj\u00e4n tule rekister\u00f6ity\u00e4 arvonlis\u00e4verovelvolliseksi elinkeinotoiminnastaan! <\/strong><strong>Arvonlis\u00e4veroa suoritetaan ainoastaan liiketoiminnan muodossa tapahtuvasta myynnist\u00e4, siis elinkeinotoiminnasta.<\/strong><\/p><p>Vaikka toiminta ei t\u00e4yt\u00e4 elinkeinotoiminnan tunnusmerkkej\u00e4, voidaan sit\u00e4 pit\u00e4\u00e4 muuna tulonhankkimistoimintana. Muutakin tulonhankkimistoimintaa on harjoitettava vakaassa tulonhankkimistarkoituksessa, kun taas harrastustoimintaan rinnastettavalla toiminnalla ei ole t\u00e4llaista tarkoitusta. Toiminta katsotaan muuksi tulonhankkimistoiminnaksi, ellei sit\u00e4 voida katsoa harrastustoiminnaksi.<\/p><p>Toiminta on <strong>harrastustoimintaa,<\/strong> jos<\/p><ul><li>toimintaa harjoitetaan muutoinkin, kuin tulon hankkimiseksi<\/li><li>toimintaa ei harjoiteta vakaassa tulonhankkimistarkoituksessa<\/li><li>toiminta on vapaa-aikaan kuuluvaa toimintaa, josta ei saada p\u00e4\u00e4asiallista toimeentuloa<\/li><li>toiminnasta saadut tulot ovat pitk\u00e4ll\u00e4kin aikav\u00e4lill\u00e4 v\u00e4h\u00e4iset suhteessa toiminnasta aiheutuneisiin menoihin<\/li><li>tulojen saaminen on toissijaista verrattuna harrastamisen muihin tarkoituksiin<\/li><\/ul><p>\u00a0<\/p><p>My\u00f6s ammatillisesti tai laadullisesti korkeatasoinen toiminta voi verotuksellisesti rinnastua harrastustoimintaan, jos toimintaa ei ole harjoitettu vakaassa tulonhankkimistarkoituksessa. <strong>Harrastustoiminnassa tulojen saaminen on toissijaista verrattuna harrastamisen muihin tarkoituksiin.<\/strong><\/p><p>Toiminnan luonteen selvitt\u00e4miseksi verovelvollisen tulee esitt\u00e4\u00e4 tarvittaessa selvitys toiminnan tavoitteellisuudesta ja siihen liittyv\u00e4st\u00e4 tulonhankkimistarkoituksesta. Harrastustoiminnan menoista ja tuloista on siksi syyt\u00e4 pit\u00e4\u00e4 tarkat muistiinpanot.<\/p><p>\u00a0<\/p><p><strong>KULTA- JA HOPEAKOLIKOT, JOILLA EI OLE NUMISMAATTISTA ARVOA<\/strong><\/p><p>Harrastustoimintaan liittyen kokoelmaasi voi sis\u00e4lty\u00e4 sellaisia kulta- ja hopeakolikoita, joilla ei ole lainkaan tai on eritt\u00e4in v\u00e4h\u00e4n numismaattista arvoa. Yleens\u00e4 n\u00e4m\u00e4 kolikot ovat juhlarahoja tai kultakolikoiden osalta ns. sijoituskultaa (kultapitoisuus 0.900 tai yli, raha ly\u00f6ty 1800 j\u00e4lkeen ja raha ollut laillinen maksuv\u00e4line alkuper\u00e4maassa).<\/p><p>Mik\u00e4li olet hankkinut ne ansiotarkoituksessa, eli odotat niiden arvon nousevan, jotta voit myyd\u00e4 ne voitolla, saatat olla t\u00e4st\u00e4 toiminnastasi verovelvollinen. T\u00e4ll\u00f6in verotuksessa voi synty\u00e4 luovutusvoittoa, joka on verotettavaa tuloasi. Verotuksessa n\u00e4it\u00e4 esineit\u00e4 ei k\u00e4sitell\u00e4 tavanomaisena koti-irtaimistona. Jos siis myyt n\u00e4it\u00e4 kolikoita yli 1000 eurolla vuodessa ja saat myyntivoittoa, voitto voi olla verotettavaa p\u00e4\u00e4omatuloasi. Lains\u00e4\u00e4d\u00e4nt\u00f6mme mukaan omaisuuden luovutuksesta saatu voitto on veronalaista p\u00e4\u00e4omatuloa. Periaatteessa siis yhdenkin kolikon myyminen voitolla on veronalaista p\u00e4\u00e4omatuloasi, jos kolikko ei ole osa harrastustoimintaasi.<\/p>\t\t\t\t\t\t\t\t<\/div>\n\t\t\t\t<\/div>\n\t\t\t\t\t<\/div>\n\t\t<\/div>\n\t\t\t\t\t<\/div>\n\t\t<\/section>\n\t\t\t\t<\/div>\n\t\t","protected":false},"excerpt":{"rendered":"<p>NUMISMATIIKKAHARRASTUKSEN VEROTUS Aluksi pit\u00e4\u00e4 selvitt\u00e4\u00e4, onko toiminta elinkeinotoimintaa, muuta tulonhankkimistoimintaa vai harrastustoimintaa. Elinkeinotoiminnalla on vakaa tulonhankkimistarkoitus, eli siit\u00e4 odotetaan realistisesti saatavan enemm\u00e4n tuloja kuin menoja, ainakin pitk\u00e4ll\u00e4 aikav\u00e4lill\u00e4. Ehdot, joiden perusteella asiaa tarkastellaan: ansiotarkoitus, voiton tavoittelu (pit\u00e4\u00e4 aina toteutua) taloudellinen riski (pit\u00e4\u00e4 aina toteutua) toiminnan itsen\u00e4isyys (pit\u00e4\u00e4 aina toteutua) toiminnan laajuus (p\u00e4\u00e4asiallinen toimeentulon l\u00e4hde) toiminnan [&hellip;]<\/p>\n","protected":false},"author":1,"featured_media":0,"parent":0,"menu_order":0,"comment_status":"closed","ping_status":"closed","template":"","meta":{"footnotes":""},"class_list":["post-698","page","type-page","status-publish","hentry"],"_links":{"self":[{"href":"https:\/\/osnumisma.fi\/index.php?rest_route=\/wp\/v2\/pages\/698","targetHints":{"allow":["GET"]}}],"collection":[{"href":"https:\/\/osnumisma.fi\/index.php?rest_route=\/wp\/v2\/pages"}],"about":[{"href":"https:\/\/osnumisma.fi\/index.php?rest_route=\/wp\/v2\/types\/page"}],"author":[{"embeddable":true,"href":"https:\/\/osnumisma.fi\/index.php?rest_route=\/wp\/v2\/users\/1"}],"replies":[{"embeddable":true,"href":"https:\/\/osnumisma.fi\/index.php?rest_route=%2Fwp%2Fv2%2Fcomments&post=698"}],"version-history":[{"count":4,"href":"https:\/\/osnumisma.fi\/index.php?rest_route=\/wp\/v2\/pages\/698\/revisions"}],"predecessor-version":[{"id":705,"href":"https:\/\/osnumisma.fi\/index.php?rest_route=\/wp\/v2\/pages\/698\/revisions\/705"}],"wp:attachment":[{"href":"https:\/\/osnumisma.fi\/index.php?rest_route=%2Fwp%2Fv2%2Fmedia&parent=698"}],"curies":[{"name":"wp","href":"https:\/\/api.w.org\/{rel}","templated":true}]}}